{"id":176,"date":"2013-07-15T18:07:32","date_gmt":"2013-07-15T16:07:32","guid":{"rendered":"http:\/\/www.verein-juedische-kultur-tuebingen.de\/wp-content\/uploads\/2013\/07\/376_070_01___003.jpg"},"modified":"2013-07-15T18:07:32","modified_gmt":"2013-07-15T16:07:32","slug":"376_070_01___003","status":"inherit","type":"attachment","link":"https:\/\/www.verein-juedische-kultur-tuebingen.de\/?attachment_id=176","title":{"rendered":"376_070_01___003"},"author":2,"featured_media":0,"comment_status":"open","ping_status":"open","template":"","meta":[],"class_list":["post-176","attachment","type-attachment","status-inherit","hentry"],"description":{"rendered":"<p class=\"attachment\"><a href='https:\/\/www.verein-juedische-kultur-tuebingen.de\/wp-content\/uploads\/2013\/07\/376_070_01___003.jpg'><img loading=\"lazy\" decoding=\"async\" width=\"211\" height=\"300\" src=\"https:\/\/www.verein-juedische-kultur-tuebingen.de\/wp-content\/uploads\/2013\/07\/376_070_01___003-211x300.jpg\" class=\"attachment-medium size-medium\" alt=\"\" srcset=\"https:\/\/www.verein-juedische-kultur-tuebingen.de\/wp-content\/uploads\/2013\/07\/376_070_01___003-211x300.jpg 211w, https:\/\/www.verein-juedische-kultur-tuebingen.de\/wp-content\/uploads\/2013\/07\/376_070_01___003-720x1024.jpg 720w, https:\/\/www.verein-juedische-kultur-tuebingen.de\/wp-content\/uploads\/2013\/07\/376_070_01___003-768x1092.jpg 768w, https:\/\/www.verein-juedische-kultur-tuebingen.de\/wp-content\/uploads\/2013\/07\/376_070_01___003-1080x1536.jpg 1080w, https:\/\/www.verein-juedische-kultur-tuebingen.de\/wp-content\/uploads\/2013\/07\/376_070_01___003-624x887.jpg 624w, https:\/\/www.verein-juedische-kultur-tuebingen.de\/wp-content\/uploads\/2013\/07\/376_070_01___003.jpg 1131w\" sizes=\"auto, (max-width: 211px) 100vw, 211px\" \/><\/a><\/p>\n<p>Synagoge Gartenstra\u00dfe, Innenaufnahme<br \/>\nFoto: Kleinfeldt, T\u00fcbingen<\/p>\n<p>Stadtarchiv T\u00fcbingen, Fotosammlung 376-070\/01<\/p>\n"},"caption":{"rendered":"<p>Synagoge Gartenstra\u00dfe, Innenaufnahme Foto: Kleinfeldt, T\u00fcbingen Stadtarchiv T\u00fcbingen, Fotosammlung 376-070\/01<\/p>\n"},"alt_text":"","media_type":"image","mime_type":"image\/jpeg","media_details":{"width":1131,"height":1608,"file":"2013\/07\/376_070_01___003.jpg","filesize":1200217,"sizes":{"medium":{"file":"376_070_01___003-211x300.jpg","width":211,"height":300,"filesize":17320,"mime_type":"image\/jpeg","source_url":"https:\/\/www.verein-juedische-kultur-tuebingen.de\/wp-content\/uploads\/2013\/07\/376_070_01___003-211x300.jpg"},"large":{"file":"376_070_01___003-720x1024.jpg","width":720,"height":1024,"filesize":141314,"mime_type":"image\/jpeg","source_url":"https:\/\/www.verein-juedische-kultur-tuebingen.de\/wp-content\/uploads\/2013\/07\/376_070_01___003-720x1024.jpg"},"thumbnail":{"file":"376_070_01___003-150x150.jpg","width":150,"height":150,"filesize":6890,"mime_type":"image\/jpeg","source_url":"https:\/\/www.verein-juedische-kultur-tuebingen.de\/wp-content\/uploads\/2013\/07\/376_070_01___003-150x150.jpg"},"medium_large":{"file":"376_070_01___003-768x1092.jpg","width":768,"height":1092,"filesize":156627,"mime_type":"image\/jpeg","source_url":"https:\/\/www.verein-juedische-kultur-tuebingen.de\/wp-content\/uploads\/2013\/07\/376_070_01___003-768x1092.jpg"},"1536x1536":{"file":"376_070_01___003-1080x1536.jpg","width":1080,"height":1536,"filesize":270772,"mime_type":"image\/jpeg","source_url":"https:\/\/www.verein-juedische-kultur-tuebingen.de\/wp-content\/uploads\/2013\/07\/376_070_01___003-1080x1536.jpg"},"post-thumbnail":{"file":"376_070_01___003-624x887.jpg","width":624,"height":887,"filesize":111660,"mime_type":"image\/jpeg","source_url":"https:\/\/www.verein-juedische-kultur-tuebingen.de\/wp-content\/uploads\/2013\/07\/376_070_01___003-624x887.jpg"},"full":{"file":"376_070_01___003.jpg","width":1131,"height":1608,"mime_type":"image\/jpeg","source_url":"https:\/\/www.verein-juedische-kultur-tuebingen.de\/wp-content\/uploads\/2013\/07\/376_070_01___003.jpg"}},"image_meta":{"aperture":"0","credit":"","camera":"","caption":"Synagoge Gartenstra\u00dfe, Innenaufnahme\r\nFoto: Kleinfeldt, T\u00fcbingen\r\n\r\nStadtarchiv T\u00fcbingen, Fotosammlung 376-070\/01","created_timestamp":"0","copyright":"","focal_length":"0","iso":"0","shutter_speed":"0","title":"","orientation":"0","keywords":[]}},"post":null,"source_url":"https:\/\/www.verein-juedische-kultur-tuebingen.de\/wp-content\/uploads\/2013\/07\/376_070_01___003.jpg","_links":{"self":[{"href":"https:\/\/www.verein-juedische-kultur-tuebingen.de\/index.php?rest_route=\/wp\/v2\/media\/176","targetHints":{"allow":["GET"]}}],"collection":[{"href":"https:\/\/www.verein-juedische-kultur-tuebingen.de\/index.php?rest_route=\/wp\/v2\/media"}],"about":[{"href":"https:\/\/www.verein-juedische-kultur-tuebingen.de\/index.php?rest_route=\/wp\/v2\/types\/attachment"}],"author":[{"embeddable":true,"href":"https:\/\/www.verein-juedische-kultur-tuebingen.de\/index.php?rest_route=\/wp\/v2\/users\/2"}],"replies":[{"embeddable":true,"href":"https:\/\/www.verein-juedische-kultur-tuebingen.de\/index.php?rest_route=%2Fwp%2Fv2%2Fcomments&post=176"}]}}

<p class="attachment"><a href='https://www.verein-juedische-kultur-tuebingen.de/wp-content/uploads/2013/07/376_070_01___003.jpg'><img loading="lazy" decoding="async" width="211" height="300" src="https://www.verein-juedische-kultur-tuebingen.de/wp-content/uploads/2013/07/376_070_01___003-211x300.jpg" class="attachment-medium size-medium" alt="" srcset="https://www.verein-juedische-kultur-tuebingen.de/wp-content/uploads/2013/07/376_070_01___003-211x300.jpg 211w, https://www.verein-juedische-kultur-tuebingen.de/wp-content/uploads/2013/07/376_070_01___003-720x1024.jpg 720w, https://www.verein-juedische-kultur-tuebingen.de/wp-content/uploads/2013/07/376_070_01___003-768x1092.jpg 768w, https://www.verein-juedische-kultur-tuebingen.de/wp-content/uploads/2013/07/376_070_01___003-1080x1536.jpg 1080w, https://www.verein-juedische-kultur-tuebingen.de/wp-content/uploads/2013/07/376_070_01___003-624x887.jpg 624w, https://www.verein-juedische-kultur-tuebingen.de/wp-content/uploads/2013/07/376_070_01___003.jpg 1131w" sizes="auto, (max-width: 211px) 100vw, 211px" /></a></p>
<p>Synagoge Gartenstraße, Innenaufnahme<br />
Foto: Kleinfeldt, Tübingen</p>
<p>Stadtarchiv Tübingen, Fotosammlung 376-070/01</p>

<p>Synagoge Gartenstraße, Innenaufnahme Foto: Kleinfeldt, Tübingen Stadtarchiv Tübingen, Fotosammlung 376-070/01</p>

Synagoge Gartenstraße, Innenaufnahme
Foto: Kleinfeldt, Tübingen

Stadtarchiv Tübingen, Fotosammlung 376-070/01
